{"id":5440,"date":"2022-11-15T09:24:21","date_gmt":"2022-11-15T09:24:21","guid":{"rendered":"http:\/\/www.ahat.cat\/?page_id=5440"},"modified":"2023-06-01T09:10:06","modified_gmt":"2023-06-01T09:10:06","slug":"taller-descriptura","status":"publish","type":"page","link":"http:\/\/www.ahat.cat\/es\/materiales-y-recursos\/recursos-didacticos\/taller-descriptura\/","title":{"rendered":"Taller d&#8217;escriptura"},"content":{"rendered":"<p>Des de l&#8217;Arxiu Hist\u00f2ric Arxidioces\u00e0 de Tarragona, amb la col\u00b7laboraci\u00f3 de M. Joana Virgili Gasol i Josep Serra Valls, hem elaborat tot un seguit de materials did\u00e0ctics amb la finalitat de donar a con\u00e8ixer als infants i adolescents les diverses tasques -conservaci\u00f3, catalogaci\u00f3 i difusi\u00f3- que es duen a terme a l\u2019AHAT a trav\u00e9s de l\u2019evoluci\u00f3 de l&#8217;escriptura i els seus suport al llarg dels segles.<\/p>\n<p style=\"text-align: center\">Presentaci\u00f3 del <strong>Taller d&#8217;escriptura.<\/strong><\/p>\n<p><a href=\"http:\/\/www.ahat.cat\/wp-content\/uploads\/sites\/21\/2023\/02\/Taller-de-la-escritura.pdf\" target=\"_blank\" rel=\"noopener\"><img loading=\"lazy\" decoding=\"async\" class=\"aligncenter wp-image-5595\" style=\"color: #0000ee\" src=\"http:\/\/www.ahat.cat\/wp-content\/uploads\/sites\/21\/2023\/02\/TallerImatge-300x221.jpg\" alt=\"\" width=\"400\" height=\"295\" srcset=\"http:\/\/www.ahat.cat\/wp-content\/uploads\/sites\/21\/2023\/02\/TallerImatge-300x221.jpg 300w, http:\/\/www.ahat.cat\/wp-content\/uploads\/sites\/21\/2023\/02\/TallerImatge-1024x755.jpg 1024w, http:\/\/www.ahat.cat\/wp-content\/uploads\/sites\/21\/2023\/02\/TallerImatge-768x566.jpg 768w, http:\/\/www.ahat.cat\/wp-content\/uploads\/sites\/21\/2023\/02\/TallerImatge.jpg 1165w\" sizes=\"auto, (max-width: 400px) 100vw, 400px\" \/><\/a><\/p>\n<table class=\" aligncenter\" style=\"height: 394px;width: 68.156%;border-collapse: collapse\">\n<tbody>\n<tr>\n<td style=\"width: 100%\"><\/td>\n<\/tr>\n<tr>\n<td style=\"width: 100%\"><iframe loading=\"lazy\" title=\"Taller escriptura 2023\" width=\"640\" height=\"360\" src=\"https:\/\/www.youtube.com\/embed\/NaGQF5unzPE?feature=oembed\" frameborder=\"0\" allow=\"accelerometer; autoplay; clipboard-write; encrypted-media; gyroscope; picture-in-picture; web-share\" referrerpolicy=\"strict-origin-when-cross-origin\" allowfullscreen><\/iframe><\/td>\n<\/tr>\n<\/tbody>\n<\/table>\n<p>&nbsp;<\/p>\n<p>El <strong>Taller d&#8217;escriptura<\/strong> compta amb tres dossiers did\u00e0ctics segons a les etapes educatives a qui va dirigides:<\/p>\n<p><em><strong>L\u2019amagatall de les lletres<\/strong><\/em> dirigit als alumnes del cicle inicial d&#8217;Educaci\u00f3 Prim\u00e0ria.<\/p>\n<p style=\"text-align: center\"><a href=\"http:\/\/www.ahat.cat\/wp-content\/uploads\/sites\/21\/2023\/05\/Dossier-infantil.pdf\" target=\"_blank\" rel=\"noopener\"><img loading=\"lazy\" decoding=\"async\" class=\"aligncenter wp-image-5456 size-medium\" src=\"http:\/\/www.ahat.cat\/wp-content\/uploads\/sites\/21\/2022\/11\/LamagatalldeleslletresGD_Pagina_01-212x300.jpg\" alt=\"\" width=\"212\" height=\"300\" srcset=\"http:\/\/www.ahat.cat\/wp-content\/uploads\/sites\/21\/2022\/11\/LamagatalldeleslletresGD_Pagina_01-212x300.jpg 212w, http:\/\/www.ahat.cat\/wp-content\/uploads\/sites\/21\/2022\/11\/LamagatalldeleslletresGD_Pagina_01-725x1024.jpg 725w, http:\/\/www.ahat.cat\/wp-content\/uploads\/sites\/21\/2022\/11\/LamagatalldeleslletresGD_Pagina_01-768x1085.jpg 768w, http:\/\/www.ahat.cat\/wp-content\/uploads\/sites\/21\/2022\/11\/LamagatalldeleslletresGD_Pagina_01-1087x1536.jpg 1087w, http:\/\/www.ahat.cat\/wp-content\/uploads\/sites\/21\/2022\/11\/LamagatalldeleslletresGD_Pagina_01-1449x2048.jpg 1449w, http:\/\/www.ahat.cat\/wp-content\/uploads\/sites\/21\/2022\/11\/LamagatalldeleslletresGD_Pagina_01.jpg 1655w\" sizes=\"auto, (max-width: 212px) 100vw, 212px\" \/><\/a><\/p>\n<p style=\"text-align: center\">Guia did\u00e0ctica<\/p>\n<p>&nbsp;<\/p>\n<p><strong><em>L\u2019Scriptorium, bressol de l\u2019escriptura a l\u2019edat mitjana<\/em><\/strong> dirigit als alumnes dels cicles mitj\u00e0 i superior d&#8217;Eduaci\u00f3 Prim\u00e0ria.<\/p>\n<table style=\"border-collapse: collapse;width: 100%;height: 23px\">\n<tbody>\n<tr style=\"height: 23px\">\n<td style=\"width: 50%;height: 23px\"><a href=\"http:\/\/www.ahat.cat\/wp-content\/uploads\/sites\/21\/2023\/05\/Lscriptirum_GD.pdf\" target=\"_blank\" rel=\"noopener\"><img loading=\"lazy\" decoding=\"async\" class=\"aligncenter wp-image-5460 size-medium\" src=\"http:\/\/www.ahat.cat\/wp-content\/uploads\/sites\/21\/2022\/11\/LScriptirumGD_Pagina_01-228x300.jpg\" alt=\"\" width=\"228\" height=\"300\" srcset=\"http:\/\/www.ahat.cat\/wp-content\/uploads\/sites\/21\/2022\/11\/LScriptirumGD_Pagina_01-228x300.jpg 228w, http:\/\/www.ahat.cat\/wp-content\/uploads\/sites\/21\/2022\/11\/LScriptirumGD_Pagina_01-777x1024.jpg 777w, http:\/\/www.ahat.cat\/wp-content\/uploads\/sites\/21\/2022\/11\/LScriptirumGD_Pagina_01-768x1012.jpg 768w, http:\/\/www.ahat.cat\/wp-content\/uploads\/sites\/21\/2022\/11\/LScriptirumGD_Pagina_01-1165x1536.jpg 1165w, http:\/\/www.ahat.cat\/wp-content\/uploads\/sites\/21\/2022\/11\/LScriptirumGD_Pagina_01-1554x2048.jpg 1554w, http:\/\/www.ahat.cat\/wp-content\/uploads\/sites\/21\/2022\/11\/LScriptirumGD_Pagina_01-scaled.jpg 1942w\" sizes=\"auto, (max-width: 228px) 100vw, 228px\" \/><\/a><\/p>\n<p style=\"text-align: center\">Guia did\u00e0ctica<\/p>\n<\/td>\n<td style=\"width: 50%;height: 23px\"><a href=\"http:\/\/www.ahat.cat\/wp-content\/uploads\/sites\/21\/2023\/05\/Lscriptorium.pdf\" target=\"_blank\" rel=\"noopener\"><img loading=\"lazy\" decoding=\"async\" class=\"aligncenter wp-image-5445 size-medium\" src=\"http:\/\/www.ahat.cat\/wp-content\/uploads\/sites\/21\/2022\/11\/LScriptorium_Pagina_01-300x202.jpg\" alt=\"\" width=\"300\" height=\"202\" srcset=\"http:\/\/www.ahat.cat\/wp-content\/uploads\/sites\/21\/2022\/11\/LScriptorium_Pagina_01-300x202.jpg 300w, http:\/\/www.ahat.cat\/wp-content\/uploads\/sites\/21\/2022\/11\/LScriptorium_Pagina_01-1024x690.jpg 1024w, http:\/\/www.ahat.cat\/wp-content\/uploads\/sites\/21\/2022\/11\/LScriptorium_Pagina_01-768x518.jpg 768w, http:\/\/www.ahat.cat\/wp-content\/uploads\/sites\/21\/2022\/11\/LScriptorium_Pagina_01-1536x1035.jpg 1536w, http:\/\/www.ahat.cat\/wp-content\/uploads\/sites\/21\/2022\/11\/LScriptorium_Pagina_01-2048x1380.jpg 2048w\" sizes=\"auto, (max-width: 300px) 100vw, 300px\" \/><\/a><\/p>\n<p style=\"text-align: center\">Dossier alumne<\/p>\n<\/td>\n<\/tr>\n<\/tbody>\n<\/table>\n<p>&nbsp;<\/p>\n<p><em><strong>El temps passa i l\u2019escriptura evoluciona<\/strong><\/em> dirigit als alumnes de l\u2019ESO, Batxillerat i Cicle Formatius.<\/p>\n<table style=\"border-collapse: collapse;width: 100%\">\n<tbody>\n<tr>\n<td style=\"width: 50%\">\n<p style=\"text-align: center\"><a href=\"http:\/\/www.ahat.cat\/wp-content\/uploads\/sites\/21\/2023\/05\/El-temps-passa_GD.pdf\" target=\"_blank\" rel=\"noopener\"><img loading=\"lazy\" decoding=\"async\" class=\"aligncenter wp-image-5449 size-medium\" src=\"http:\/\/www.ahat.cat\/wp-content\/uploads\/sites\/21\/2022\/11\/EltempspassaGD_Pagina_01-212x300.jpg\" alt=\"\" width=\"212\" height=\"300\" srcset=\"http:\/\/www.ahat.cat\/wp-content\/uploads\/sites\/21\/2022\/11\/EltempspassaGD_Pagina_01-212x300.jpg 212w, http:\/\/www.ahat.cat\/wp-content\/uploads\/sites\/21\/2022\/11\/EltempspassaGD_Pagina_01-724x1024.jpg 724w, http:\/\/www.ahat.cat\/wp-content\/uploads\/sites\/21\/2022\/11\/EltempspassaGD_Pagina_01-768x1086.jpg 768w, http:\/\/www.ahat.cat\/wp-content\/uploads\/sites\/21\/2022\/11\/EltempspassaGD_Pagina_01-1086x1536.jpg 1086w, http:\/\/www.ahat.cat\/wp-content\/uploads\/sites\/21\/2022\/11\/EltempspassaGD_Pagina_01-1448x2048.jpg 1448w, http:\/\/www.ahat.cat\/wp-content\/uploads\/sites\/21\/2022\/11\/EltempspassaGD_Pagina_01-scaled.jpg 1810w\" sizes=\"auto, (max-width: 212px) 100vw, 212px\" \/><\/a><\/p>\n<p style=\"text-align: center\">Guia did\u00e0ctica<\/p>\n<\/td>\n<td style=\"width: 50%\"><a href=\"http:\/\/www.ahat.cat\/wp-content\/uploads\/sites\/21\/2023\/05\/Llibret-dels-grans.pdf\" target=\"_blank\" rel=\"noopener\"><img loading=\"lazy\" decoding=\"async\" class=\"aligncenter wp-image-5452 size-medium\" src=\"http:\/\/www.ahat.cat\/wp-content\/uploads\/sites\/21\/2022\/11\/Eltempspassailescripturaevoluciona_Pagina_01-300x217.jpg\" alt=\"\" width=\"300\" height=\"217\" srcset=\"http:\/\/www.ahat.cat\/wp-content\/uploads\/sites\/21\/2022\/11\/Eltempspassailescripturaevoluciona_Pagina_01-300x217.jpg 300w, http:\/\/www.ahat.cat\/wp-content\/uploads\/sites\/21\/2022\/11\/Eltempspassailescripturaevoluciona_Pagina_01-1024x740.jpg 1024w, http:\/\/www.ahat.cat\/wp-content\/uploads\/sites\/21\/2022\/11\/Eltempspassailescripturaevoluciona_Pagina_01-768x555.jpg 768w, http:\/\/www.ahat.cat\/wp-content\/uploads\/sites\/21\/2022\/11\/Eltempspassailescripturaevoluciona_Pagina_01-1536x1110.jpg 1536w, http:\/\/www.ahat.cat\/wp-content\/uploads\/sites\/21\/2022\/11\/Eltempspassailescripturaevoluciona_Pagina_01-2048x1480.jpg 2048w\" sizes=\"auto, (max-width: 300px) 100vw, 300px\" \/><\/a><\/p>\n<p style=\"text-align: center\">Dossier alumne<\/p>\n<\/td>\n<\/tr>\n<\/tbody>\n<\/table>\n","protected":false},"excerpt":{"rendered":"<p>Des de l&#8217;Arxiu Hist\u00f2ric Arxidioces\u00e0 de Tarragona, amb la col\u00b7laboraci\u00f3 de M. Joana Virgili Gasol i Josep Serra Valls, hem elaborat tot un seguit de materials did\u00e0ctics amb la finalitat de donar a con\u00e8ixer als infants i adolescents les diverses tasques -conservaci\u00f3, catalogaci\u00f3 i difusi\u00f3- que es duen a terme a l\u2019AHAT a trav\u00e9s de [&hellip;]<\/p>\n","protected":false},"author":35,"featured_media":0,"parent":5433,"menu_order":0,"comment_status":"closed","ping_status":"closed","template":"","meta":{"footnotes":""},"class_list":["post-5440","page","type-page","status-publish","hentry"],"amp_enabled":true,"_links":{"self":[{"href":"http:\/\/www.ahat.cat\/es\/wp-json\/wp\/v2\/pages\/5440","targetHints":{"allow":["GET"]}}],"collection":[{"href":"http:\/\/www.ahat.cat\/es\/wp-json\/wp\/v2\/pages"}],"about":[{"href":"http:\/\/www.ahat.cat\/es\/wp-json\/wp\/v2\/types\/page"}],"author":[{"embeddable":true,"href":"http:\/\/www.ahat.cat\/es\/wp-json\/wp\/v2\/users\/35"}],"replies":[{"embeddable":true,"href":"http:\/\/www.ahat.cat\/es\/wp-json\/wp\/v2\/comments?post=5440"}],"version-history":[{"count":17,"href":"http:\/\/www.ahat.cat\/es\/wp-json\/wp\/v2\/pages\/5440\/revisions"}],"predecessor-version":[{"id":5737,"href":"http:\/\/www.ahat.cat\/es\/wp-json\/wp\/v2\/pages\/5440\/revisions\/5737"}],"up":[{"embeddable":true,"href":"http:\/\/www.ahat.cat\/es\/wp-json\/wp\/v2\/pages\/5433"}],"wp:attachment":[{"href":"http:\/\/www.ahat.cat\/es\/wp-json\/wp\/v2\/media?parent=5440"}],"curies":[{"name":"wp","href":"https:\/\/api.w.org\/{rel}","templated":true}]}}

<p>Des de l&#8217;Arxiu Històric Arxidiocesà de Tarragona, amb la col·laboració de M. Joana Virgili Gasol i Josep Serra Valls, hem elaborat tot un seguit de materials didàctics amb la finalitat de donar a conèixer als infants i adolescents les diverses tasques -conservació, catalogació i difusió- que es duen a terme a l’AHAT a través de l’evolució de l&#8217;escriptura i els seus suport al llarg dels segles.</p>
<p style="text-align: center">Presentació del <strong>Taller d&#8217;escriptura.</strong></p>
<p><a href="http://www.ahat.cat/wp-content/uploads/sites/21/2023/02/Taller-de-la-escritura.pdf" target="_blank" rel="noopener"><img loading="lazy" decoding="async" class="aligncenter wp-image-5595" style="color: #0000ee" src="http://www.ahat.cat/wp-content/uploads/sites/21/2023/02/TallerImatge-300x221.jpg" alt="" width="400" height="295" srcset="http://www.ahat.cat/wp-content/uploads/sites/21/2023/02/TallerImatge-300x221.jpg 300w, http://www.ahat.cat/wp-content/uploads/sites/21/2023/02/TallerImatge-1024x755.jpg 1024w, http://www.ahat.cat/wp-content/uploads/sites/21/2023/02/TallerImatge-768x566.jpg 768w, http://www.ahat.cat/wp-content/uploads/sites/21/2023/02/TallerImatge.jpg 1165w" sizes="auto, (max-width: 400px) 100vw, 400px" /></a></p>
<table class=" aligncenter" style="height: 394px;width: 68.156%;border-collapse: collapse">
<tbody>
<tr>
<td style="width: 100%"></td>
</tr>
<tr>
<td style="width: 100%"><iframe loading="lazy" title="Taller escriptura 2023" width="640" height="360" src="https://www.youtube.com/embed/NaGQF5unzPE?feature=oembed" frameborder="0" allow="accelerometer; autoplay; clipboard-write; encrypted-media; gyroscope; picture-in-picture; web-share" referrerpolicy="strict-origin-when-cross-origin" allowfullscreen></iframe></td>
</tr>
</tbody>
</table>
<p>&nbsp;</p>
<p>El <strong>Taller d&#8217;escriptura</strong> compta amb tres dossiers didàctics segons a les etapes educatives a qui va dirigides:</p>
<p><em><strong>L’amagatall de les lletres</strong></em> dirigit als alumnes del cicle inicial d&#8217;Educació Primària.</p>
<p style="text-align: center"><a href="http://www.ahat.cat/wp-content/uploads/sites/21/2023/05/Dossier-infantil.pdf" target="_blank" rel="noopener"><img loading="lazy" decoding="async" class="aligncenter wp-image-5456 size-medium" src="http://www.ahat.cat/wp-content/uploads/sites/21/2022/11/LamagatalldeleslletresGD_Pagina_01-212x300.jpg" alt="" width="212" height="300" srcset="http://www.ahat.cat/wp-content/uploads/sites/21/2022/11/LamagatalldeleslletresGD_Pagina_01-212x300.jpg 212w, http://www.ahat.cat/wp-content/uploads/sites/21/2022/11/LamagatalldeleslletresGD_Pagina_01-725x1024.jpg 725w, http://www.ahat.cat/wp-content/uploads/sites/21/2022/11/LamagatalldeleslletresGD_Pagina_01-768x1085.jpg 768w, http://www.ahat.cat/wp-content/uploads/sites/21/2022/11/LamagatalldeleslletresGD_Pagina_01-1087x1536.jpg 1087w, http://www.ahat.cat/wp-content/uploads/sites/21/2022/11/LamagatalldeleslletresGD_Pagina_01-1449x2048.jpg 1449w, http://www.ahat.cat/wp-content/uploads/sites/21/2022/11/LamagatalldeleslletresGD_Pagina_01.jpg 1655w" sizes="auto, (max-width: 212px) 100vw, 212px" /></a></p>
<p style="text-align: center">Guia didàctica</p>
<p>&nbsp;</p>
<p><strong><em>L’Scriptorium, bressol de l’escriptura a l’edat mitjana</em></strong> dirigit als alumnes dels cicles mitjà i superior d&#8217;Eduació Primària.</p>
<table style="border-collapse: collapse;width: 100%;height: 23px">
<tbody>
<tr style="height: 23px">
<td style="width: 50%;height: 23px"><a href="http://www.ahat.cat/wp-content/uploads/sites/21/2023/05/Lscriptirum_GD.pdf" target="_blank" rel="noopener"><img loading="lazy" decoding="async" class="aligncenter wp-image-5460 size-medium" src="http://www.ahat.cat/wp-content/uploads/sites/21/2022/11/LScriptirumGD_Pagina_01-228x300.jpg" alt="" width="228" height="300" srcset="http://www.ahat.cat/wp-content/uploads/sites/21/2022/11/LScriptirumGD_Pagina_01-228x300.jpg 228w, http://www.ahat.cat/wp-content/uploads/sites/21/2022/11/LScriptirumGD_Pagina_01-777x1024.jpg 777w, http://www.ahat.cat/wp-content/uploads/sites/21/2022/11/LScriptirumGD_Pagina_01-768x1012.jpg 768w, http://www.ahat.cat/wp-content/uploads/sites/21/2022/11/LScriptirumGD_Pagina_01-1165x1536.jpg 1165w, http://www.ahat.cat/wp-content/uploads/sites/21/2022/11/LScriptirumGD_Pagina_01-1554x2048.jpg 1554w, http://www.ahat.cat/wp-content/uploads/sites/21/2022/11/LScriptirumGD_Pagina_01-scaled.jpg 1942w" sizes="auto, (max-width: 228px) 100vw, 228px" /></a></p>
<p style="text-align: center">Guia didàctica</p>
</td>
<td style="width: 50%;height: 23px"><a href="http://www.ahat.cat/wp-content/uploads/sites/21/2023/05/Lscriptorium.pdf" target="_blank" rel="noopener"><img loading="lazy" decoding="async" class="aligncenter wp-image-5445 size-medium" src="http://www.ahat.cat/wp-content/uploads/sites/21/2022/11/LScriptorium_Pagina_01-300x202.jpg" alt="" width="300" height="202" srcset="http://www.ahat.cat/wp-content/uploads/sites/21/2022/11/LScriptorium_Pagina_01-300x202.jpg 300w, http://www.ahat.cat/wp-content/uploads/sites/21/2022/11/LScriptorium_Pagina_01-1024x690.jpg 1024w, http://www.ahat.cat/wp-content/uploads/sites/21/2022/11/LScriptorium_Pagina_01-768x518.jpg 768w, http://www.ahat.cat/wp-content/uploads/sites/21/2022/11/LScriptorium_Pagina_01-1536x1035.jpg 1536w, http://www.ahat.cat/wp-content/uploads/sites/21/2022/11/LScriptorium_Pagina_01-2048x1380.jpg 2048w" sizes="auto, (max-width: 300px) 100vw, 300px" /></a></p>
<p style="text-align: center">Dossier alumne</p>
</td>
</tr>
</tbody>
</table>
<p>&nbsp;</p>
<p><em><strong>El temps passa i l’escriptura evoluciona</strong></em> dirigit als alumnes de l’ESO, Batxillerat i Cicle Formatius.</p>
<table style="border-collapse: collapse;width: 100%">
<tbody>
<tr>
<td style="width: 50%">
<p style="text-align: center"><a href="http://www.ahat.cat/wp-content/uploads/sites/21/2023/05/El-temps-passa_GD.pdf" target="_blank" rel="noopener"><img loading="lazy" decoding="async" class="aligncenter wp-image-5449 size-medium" src="http://www.ahat.cat/wp-content/uploads/sites/21/2022/11/EltempspassaGD_Pagina_01-212x300.jpg" alt="" width="212" height="300" srcset="http://www.ahat.cat/wp-content/uploads/sites/21/2022/11/EltempspassaGD_Pagina_01-212x300.jpg 212w, http://www.ahat.cat/wp-content/uploads/sites/21/2022/11/EltempspassaGD_Pagina_01-724x1024.jpg 724w, http://www.ahat.cat/wp-content/uploads/sites/21/2022/11/EltempspassaGD_Pagina_01-768x1086.jpg 768w, http://www.ahat.cat/wp-content/uploads/sites/21/2022/11/EltempspassaGD_Pagina_01-1086x1536.jpg 1086w, http://www.ahat.cat/wp-content/uploads/sites/21/2022/11/EltempspassaGD_Pagina_01-1448x2048.jpg 1448w, http://www.ahat.cat/wp-content/uploads/sites/21/2022/11/EltempspassaGD_Pagina_01-scaled.jpg 1810w" sizes="auto, (max-width: 212px) 100vw, 212px" /></a></p>
<p style="text-align: center">Guia didàctica</p>
</td>
<td style="width: 50%"><a href="http://www.ahat.cat/wp-content/uploads/sites/21/2023/05/Llibret-dels-grans.pdf" target="_blank" rel="noopener"><img loading="lazy" decoding="async" class="aligncenter wp-image-5452 size-medium" src="http://www.ahat.cat/wp-content/uploads/sites/21/2022/11/Eltempspassailescripturaevoluciona_Pagina_01-300x217.jpg" alt="" width="300" height="217" srcset="http://www.ahat.cat/wp-content/uploads/sites/21/2022/11/Eltempspassailescripturaevoluciona_Pagina_01-300x217.jpg 300w, http://www.ahat.cat/wp-content/uploads/sites/21/2022/11/Eltempspassailescripturaevoluciona_Pagina_01-1024x740.jpg 1024w, http://www.ahat.cat/wp-content/uploads/sites/21/2022/11/Eltempspassailescripturaevoluciona_Pagina_01-768x555.jpg 768w, http://www.ahat.cat/wp-content/uploads/sites/21/2022/11/Eltempspassailescripturaevoluciona_Pagina_01-1536x1110.jpg 1536w, http://www.ahat.cat/wp-content/uploads/sites/21/2022/11/Eltempspassailescripturaevoluciona_Pagina_01-2048x1480.jpg 2048w" sizes="auto, (max-width: 300px) 100vw, 300px" /></a></p>
<p style="text-align: center">Dossier alumne</p>
</td>
</tr>
</tbody>
</table>

<p>Des de l&#8217;Arxiu Històric Arxidiocesà de Tarragona, amb la col·laboració de M. Joana Virgili Gasol i Josep Serra Valls, hem elaborat tot un seguit de materials didàctics amb la finalitat de donar a conèixer als infants i adolescents les diverses tasques -conservació, catalogació i difusió- que es duen a terme a l’AHAT a través de [&hellip;]</p>
